{"id":930,"date":"2024-05-02T09:50:32","date_gmt":"2024-05-02T09:50:32","guid":{"rendered":"https:\/\/heilen.johannes-alexander.de\/?page_id=930"},"modified":"2024-09-19T12:03:03","modified_gmt":"2024-09-19T12:03:03","slug":"werdegang","status":"publish","type":"page","link":"https:\/\/johannes-alexander.de\/?page_id=930","title":{"rendered":"werdegang"},"content":{"rendered":"<div class=\"wp-block-image\">\n<figure class=\"alignright size-full is-resized\"><img loading=\"lazy\" decoding=\"async\" width=\"960\" height=\"1280\" src=\"https:\/\/heilen.johannes-alexander.de\/wp-content\/uploads\/2024\/08\/photo_2024-08-07_19-26-32.jpg\" alt=\"\" class=\"wp-image-1135\" style=\"width:293px;height:auto\" srcset=\"https:\/\/johannes-alexander.de\/wp-content\/uploads\/2024\/08\/photo_2024-08-07_19-26-32.jpg 960w, https:\/\/johannes-alexander.de\/wp-content\/uploads\/2024\/08\/photo_2024-08-07_19-26-32-225x300.jpg 225w, https:\/\/johannes-alexander.de\/wp-content\/uploads\/2024\/08\/photo_2024-08-07_19-26-32-768x1024.jpg 768w\" sizes=\"auto, (max-width: 960px) 100vw, 960px\" \/><\/figure>\n<\/div>\n\n\n<p><strong>S<\/strong>chon in meiner Kindheit war ich sehr sensitiv und konnte f\u00fchlen, wie es den Menschen in meiner Umgebung geht. Aber ich konnte auch f\u00fchlen, wie sich zum Beispiel B\u00e4ume und Pflanzen anf\u00fchlen, wenn ich an Ihnen vorbei ging oder in Ihrer N\u00e4he sa\u00df.<\/p>\n\n\n\n<p><strong>H<\/strong>eute w\u00fcrde ich sagen, da\u00df meine Weltwahrnehmung einfach sehr fein war und da\u00df diese Wahrnehmung etwas ist, was wir alle von Geburt an mitbekommen haben. Der eine vielleicht mehr, der andere weniger, aber dennoch ist f\u00fchlf\u00e4hig zu sein eine Grundeigenschaft des Menschen.<br><br><strong>S<\/strong>p\u00e4ter ging diese Feinf\u00fchligkeit durch herausfordernde Phasen in meiner Kindheit und der Schulzeit etwas verloren, aber mit Beginn meines \u201espirituellen Erwachsenwerdens\u201c lernte ich immer mehr, diese Feinf\u00fchligkeit durch Meditation, Achtsamkeit, Entschleunigung und ein R\u00fcckbesinnen auf das wirklich Wesentliche im Leben wiederherzustellen und auszubauen.<\/p>\n\n\n\n<p><strong>I<\/strong>n dieser Zeit kam ich auch in Kontakt mit einer Art intuitivem Yoga, Vokalvibration, stiller Meditation, Reiki, Prana-Heilung, aktiver Geistheilung und anderen Dingen&#8230;<\/p>\n\n\n\n<details class=\"wp-block-details has-background is-layout-flow wp-block-details-is-layout-flow\" style=\"background-color:#fff7e3a8\"><summary>\u00b7\u00b7 <strong>M<\/strong>agst Du es etwas ausf\u00fchrlicher? Dann klicke gerne hier \ud83d\ude42<br><\/summary>\n<div style=\"height:20px\" aria-hidden=\"true\" class=\"wp-block-spacer\"><\/div>\n\n\n\n<hr class=\"wp-block-separator has-alpha-channel-opacity is-style-dots\"\/>\n\n\n\n<p>Ungef\u00e4hr im Jahre <strong>2004<\/strong> begann ich, auf meinem Weg spiritueller Bewu\u00dftwerdung mit <strong>stiller Meditation<\/strong>, <strong>Vokalvibration<\/strong>, <strong>intuitivem Yoga<\/strong> und anderen Dingen zu experimentieren.<br><br>Im April <strong>2006<\/strong> wurde ich von Elke Stanley in Chemnitz in den <strong>ersten Reikigrad<\/strong> eingeweiht (westliches Reiki). Damit ging f\u00fcr mich eine entscheidende T\u00fcr auf, denn ich hatte zwar schon in meiner Kindheit eine hochsensible Wahrnehmung, konnte aber viele Dinge nicht rational einordnen, obwohl ich sie schon intuitiv nutzte.<\/p>\n\n\n\n<p>Der <strong>zweite Reikigrad<\/strong> bei Elke Stanley im Januar <strong>2007<\/strong>, war f\u00fcr mich ein Schritt, \u00fcber den ich nicht lange nachzudenken brauchte. Ich f\u00fchlte, da\u00df ich auf dem richtigen Pfad heimw\u00e4rts zu mir selbst war.<\/p>\n\n\n\n<p>Ca. <strong>2007<\/strong>&#8211;<strong>2009<\/strong> konnte ich in einer <strong>Reiki<\/strong>&#8211;<strong>Arbeitsgruppe<\/strong> der Chemnitzer Reiki-Lehrerin Kerstin Mahlendorff, die nach dem klassisch japanischen Reiki-Stil ausbildete, meine F\u00e4higkeiten vertiefen, mich mit anderen Sch\u00fclern austauschen und meine Intuition schulen.<\/p>\n\n\n\n<p>Im Februar <strong>2008<\/strong> folgte der <strong>Reiki<\/strong>&#8211;<strong>Meistergrad<\/strong>, ebenfalls bei Elke Stanley, im Juli des gleichen Jahres der <strong>Reiki<\/strong>&#8211;<strong>Lehrergrad<\/strong>.<\/p>\n\n\n\n<p>Mai <strong>2009<\/strong>. <br>Ich fand heraus, da\u00df es neben der eher passiven Heilweise des Reiki auch noch aktivere Formen des geistigen Heilens gibt und besuchte in Ferndorf in \u00d6sterreich das Ausbildungsseminar &#8222;<strong>spirituelles Heilen I<\/strong>&#8220; bei Diethard Stelzl.<br>Es war wieder eine entscheidende Wende f\u00fcr mich, denn ich begann zu verstehen, da\u00df ich die ganze Zeit schon intuitiv nicht &#8222;nur&#8220; Reiki praktizierte, sondern auch schon aktive Geistheilung, aber eben in meinem individuellen Stil.<\/p>\n\n\n\n<p>Also entwickelte ich diesen &#8222;individuellen Stil&#8220; mehr und mehr zu einer <strong>eigenen Art des spirituellen Heilens<\/strong>, die sich aus einer harmonischen Verschmelzung von passiven und aktiven Formen der Energiearbeit zusammensetzt, weiter.<\/p>\n\n\n\n<p class=\"has-text-align-left\">Seit <strong>2010<\/strong> bin ich freiberuflich t\u00e4tig als ganzheitlicher Coach und spiritueller Heiler.<\/p>\n\n\n\n<hr class=\"wp-block-separator has-alpha-channel-opacity is-style-dots\"\/>\n<\/details>\n\n\n\n<div style=\"height:20px\" aria-hidden=\"true\" class=\"wp-block-spacer\"><\/div>\n\n\n\n<p><strong>M<\/strong>ein Auseinandersetzen mit diesen Praktiken und Themen brachte mich letzten Endes an einen Punkt, an dem ich die Dinge eigentlich wieder auf Ihre Essenz reduzieren wollte. Ich wollte wissen, was Heilung eigentlich im Kern ist. Und ich wollte kein gro\u00dfes Brimborium.<br><br><strong>I<\/strong>ch wollte einfach einen kurzen, einfachen Weg zur\u00fcck in die \u201eMitte\u201c, also zur Herzenswahrheit, denn ich erkannte, da\u00df alle \u201eKrankheit\u201c im Grund ein sich Getrennt-F\u00fchlen von der Wahrheit ist, die die ganze Zeit schon in unserem eigentlichen Wesenskern ruht.<\/p>\n\n\n\n<hr class=\"wp-block-separator has-alpha-channel-opacity is-style-dots\"\/>\n\n\n\n<p class=\"has-text-align-right\">\u00b7\u00b7 weiter zu <a href=\"https:\/\/johannes-alexander.de\/?page_id=7\" data-type=\"page\" data-id=\"7\">meine arbeit<\/a><\/p>\n","protected":false},"excerpt":{"rendered":"<p>Schon in meiner Kindheit war ich sehr sensitiv und konnte f\u00fchlen, wie es den Menschen in meiner Umgebung geht. Aber ich konnte auch f\u00fchlen, wie sich zum Beispiel B\u00e4ume und Pflanzen anf\u00fchlen, wenn ich an Ihnen vorbei ging oder in Ihrer N\u00e4he sa\u00df. Heute w\u00fcrde ich sagen, da\u00df meine Weltwahrnehmung einfach sehr fein war und [&hellip;]<\/p>\n","protected":false},"author":1,"featured_media":0,"parent":0,"menu_order":0,"comment_status":"closed","ping_status":"closed","template":"","meta":{"footnotes":""},"class_list":["post-930","page","type-page","status-publish","hentry"],"_links":{"self":[{"href":"https:\/\/johannes-alexander.de\/index.php?rest_route=\/wp\/v2\/pages\/930","targetHints":{"allow":["GET"]}}],"collection":[{"href":"https:\/\/johannes-alexander.de\/index.php?rest_route=\/wp\/v2\/pages"}],"about":[{"href":"https:\/\/johannes-alexander.de\/index.php?rest_route=\/wp\/v2\/types\/page"}],"author":[{"embeddable":true,"href":"https:\/\/johannes-alexander.de\/index.php?rest_route=\/wp\/v2\/users\/1"}],"replies":[{"embeddable":true,"href":"https:\/\/johannes-alexander.de\/index.php?rest_route=%2Fwp%2Fv2%2Fcomments&post=930"}],"version-history":[{"count":34,"href":"https:\/\/johannes-alexander.de\/index.php?rest_route=\/wp\/v2\/pages\/930\/revisions"}],"predecessor-version":[{"id":1159,"href":"https:\/\/johannes-alexander.de\/index.php?rest_route=\/wp\/v2\/pages\/930\/revisions\/1159"}],"wp:attachment":[{"href":"https:\/\/johannes-alexander.de\/index.php?rest_route=%2Fwp%2Fv2%2Fmedia&parent=930"}],"curies":[{"name":"wp","href":"https:\/\/api.w.org\/{rel}","templated":true}]}}